In base 6, what is -2405 - -101255?
54450
In base 11, what is 25a79 - 1835?
24244
In base 14, what is -11 + -9c08d?
-9c0a0
In base 16, what is 2 - 24e58a?
-24e588
In base 10, what is 3012162 - -15?
3012177
In base 7, what is 4341031 - -50?
4341111
In base 3, what is -1002222110 + -1001?
-1010000111
In base 6, what is 241300323 + 3?
241300330
In base 5, what is -224233420132 - -3?
-224233420124
In base 14, what is 1d0 + 11a3?
1393
In base 9, what is 2767 + 60235?
63113
In base 9, what is -315 + -172856?
-173272
In base 11, what is -418816 - 271?
-418a87
In base 10, what is 17102 - -266?
17368
In base 7, what is 435254 + 43?
435330
In base 6, what is 105024131 + 13?
105024144
In base 12, what is -237 + 871659?
871422
In base 3, what is 10012221002 + -12112?
10012201120
In base 10, what is -715222 + 23?
-715199
In base 8, what is -305372 - 146?
-305540
In base 11, what is 3164538 - 4?
3164534
In base 12, what is -1b - 105914?
-105933
In base 9, what is -43 - -4714354?
4714311
In base 10, what is 45 - 295553?
-295508
In base 11, what is 10177 + -101a5?
-29
In base 10, what is -2 + 28577677?
28577675
In base 13, what is 354 - 10a805?
-10a481
In base 5, what is 1201 + 131302431?
131304132
In base 13, what is -7229 - -293?
-6c66
In base 4, what is -3332203202 + -32?
-3332203300
In base 16, what is e31 + -888?
5a9
In base 13, what is -195a1 - -578?
-19026
In base 7, what is -1262 + 220641?
216346
In base 6, what is -42524424 + -35?
-42524503
In base 14, what is c57c0db - 3?
c57c0d8
In base 4, what is 3312100223 - -3?
3312100232
In base 15, what is -20ea32 - 3?
-20ea35
In base 2, what is -101110100011 + 10110010101?
-11000001110
In base 15, what is -4 + -4101a61?
-4101a65
In base 7, what is 5 - 1003546?
-1003541
In base 15, what is -4 - -15a9eb?
15a9e7
In base 14, what is 46a + -4a4a5?
-4a039
In base 13, what is 13063 - -842?
138a5
In base 6, what is -1 + 4132201442?
4132201441
In base 4, what is -3330333322 + -23031?
-3331023013
In base 12, what is -72526 + b0?
-72436
In base 4, what is 322 + 123101321?
123102303
In base 15, what is 133 - -1d2b?
1e5e
In base 8, what is -700 + 203662?
202762
In base 11, what is -5 - 24a8168?
-24a8172
In base 9, what is -7084438 + 14?
-7084424
In base 9, what is 101317802 + 5?
101317807
In base 9, what is -1714 + -3882?
-5706
In base 8, what is -50243714 - -2?
-50243712
In base 5, what is -444421442404 + 0?
-444421442404
In base 3, what is -12010 - -11000111211000?
11000111121220
In base 11, what is 38 + -227723?
-227696
In base 4, what is -2001 + -10202332300?
-10203000301
In base 16, what is 44a7 - 4cf5?
-84e
In base 11, what is -5871 - 164?
-5a25
In base 10, what is 217 + 544230?
544447
In base 6, what is -202354131323 - 5?
-202354131332
In base 9, what is -5040277 + -5?
-5040283
In base 6, what is -212004300 - 5?
-212004305
In base 8, what is -100 + -4031716?
-4032016
In base 15, what is -7 - 4a0382?
-4a0389
In base 4, what is -211003013300033 + -10?
-211003013300103
In base 15, what is 17e072 + -b?
17e066
In base 3, what is 10021200201100000 - 220?
10021200201022010
In base 10, what is -42751512 - 1?
-42751513
In base 13, what is 538 - 1459?
-c21
In base 4, what is -10 - -3011032112021?
3011032112011
In base 16, what is d7 + 33a1?
3478
In base 16, what is 1a7f + 1b43?
35c2
In base 6, what is 14015 + 4233020?
4251035
In base 12, what is -119 + -189226?
-189343
In base 8, what is -4505523 + 1534?
-4503767
In base 9, what is -3387708 + 66?
-3387632
In base 4, what is 3021 - 32130301133?
-32130232112
In base 4, what is -101 - -2001320233103?
2001320233002
In base 8, what is -13 - -2446456?
2446443
In base 8, what is -7 - 322754?
-322763
In base 10, what is -60 - -307058?
306998
In base 7, what is 25660356200 + -2?
25660356165
In base 6, what is -1010411 + -45011?
-1055422
In base 2, what is -101100100101 - -1001011011000010?
1000101110011101
In base 3, what is -200 - -2101210010222221?
2101210010222021
In base 2, what is -10011010111 + -10011011101100?
-10101111000011
In base 9, what is -4036301 + 100?
-4036201
In base 10, what is -38326 - -241?
-38085
In base 6, what is -11035343113 - 3?
-11035343120
In base 14, what is bba6 - -98?
bc60
In base 7, what is -134 - 60152312?
-60152446
In base 6, what is -10223041 + 3115?
-10215522
In base 15, what is -8084 + b7da?
3756
In base 11, what is 1418 - -1078?
2495
In base 16, what is 5 + -13d6f2?
-13d6ed
In base 4, what is -3013 + -3100300333?
-3100310012
In base 13, what is -32 - -5756cc?
57569a
In base 8, what is 466614623 - 13?
466614610
In base 8, what is 3 - -12772043?
12772046
In base 11, what is 232831278 - -1?
232831279
In base 14, what is -3 - 8d1bd7c?
-8d1bd81
In base 6, what is 3 - 10104401151?
-10104401144
In base 3, what is 11112200001000021 - 2?
11112200001000012
In base 10, what is -606338 - 460?
-606798
In base 3, what is -11 + 2121210010112?
2121210010101
In base 2, what is -110111 + -101101100101101010?
-101101100110100001
In base 4, what is 112132 + 122320?
301112
In base 9, what is -206 - 325706?
-326013
In base 7, what is -13242034 + -1450?
-13243514
In base 12, what is b + 1334631?
1334640
In base 12, what is 11762a30b - 1?
11762a30a
In base 11, what is -399a90 + 30?
-399a60
In base 4, what is 2320300 - 20033?
2300201
In base 6, what is -4 - 243440455?
-243440503
In base 9, what is -12887055 - -5?
-12887050
In base 5, what is -2121400 - 33012?
-2204412
In base 5, what is 210242211 + 300?
210243011
In base 6, what is 14223200 + 3?
14223203
In base 16, what is 1748 + -1d32?
-5ea
In base 7, what is -10 + 462302232?
462302222
In base 9, what is 0 + -4502882?
-4502882
In base 4, what is -1213203220001 - 2?
-1213203220003
In base 15, what is -89dd82 + -36?
-89ddb8
In base 5, what is 10000404424 - -1?
10000404430
In base 6, what is -230 - 10214550?
-10215220
In base 11, what is -5278231 - -3?
-5278229
In base 9, what is 107661 - 16517?
81143
In base 6, what is 35515 + 5105?
45024
In base 15, what is 1 - -223ec40?
223ec41
In base 13, what is -aa075 - -3?
-aa072
In base 3, what is -120022100111210 - -10?
-120022100111200
In base 15, what is 3 + c7321?
c7324
In base 15, what is -2832 - -59cd?
319b
In base 16, what is 263 + ae27?
b08a
In base 8, what is 3204657070 + -1?
3204657067
In base 9, what is -5643053 + 5?
-5643047
In base 6, what is -1 - 344522320?
-344522321
In base 5, what is -2242 - 4410401?
-4413143
In base 3, what is 22212011201 + 20002202?
100002021110
In base 13, what is 87a - -37283?
37b30
In base 10, what is 396870418 + -4?
396870414
In base 14, what is -5864 + -1a2?
-5a26
In base 4, what is -121230003 + -1?
-121230010
In base 16, what is -39179d13 - -5?
-39179d0e
In base 6, what is 24442 - -101452?
130334
In base 5, what is -304432243 - 3123?
-304440421
In base 7, what is 414634513 + -43?
414634440
In base 9, what is -22418 - -83851?
61432
In base 6, what is -134 - 24411153?
-24411331
In base 4, what is 32030333000 - 1?
32030332333
In base 3, what is -10221 - -12100101020?
12100020022
In base 2, what is 1011011011011111011001 - -10?
1011011011011111011011
In base 14, what is -3 - 2635684?
-2635687
In base 7, what is -4316666 - 2153?
-4322152
In base 9, what is 470165521 + 2?
470165523
In base 8, what is -5204 - -537?
-4445
In base 6, what is 220113 + -22331?
153342
In base 10, what is -1036 - -46276?
45240
In base 14, what is 17 - -5244c0?
5244d7
In base 16, what is 7ae - 88e8f?
-886e1
In base 7, what is -242 - -1044132?
1043560
In base 16, what is -511 - 4e02?
-5313
In base 14, what is -2b35d + 32?
-2b32b
In base 13, what is 8175c9 + -19?
8175b0
In base 13, what is -590517 - 5?
-59051c
In base 5, what is -10200311044 - 1?
-10200311100
In base 16, what is 44d6 - 4f6a?
-a94
In base 13, what is 4a227c + 25?
4a22a4
In base 9, what is -1668782438 - 4?
-1668782443
In base 5, what is -2 + 21204443134?
21204443132
In base 9, what is -11742022 - 30?
-11742052
In base 7, what is -230060 - -255?
-226502
In base 8, what is 1063663 - 45?
1063616
In base 7, what is 16 - 5316043?
-5316024
In base 9, what is -241453 + -137?
-241601
In base 6, what is 345 + 1030050?
1030435
In base 6, what is 500030 + -55020?
401010
In base 12, what is 1030a639 + -4?
1030a635
In base 15, what is 29e369 + -34?
29e335
In base 10, what is -341117 + 940?
-340177
In base 2, what is